= 117 + -77. What is the tens digit of b?
4
Suppose -67 = 4*a - 915. What is the units digit of a?
2
Let t(w) be the third derivative of -w**5/60 + 13*w**4/24 + w**3/6 - 4*w**2. What is the units digit of t(12)?
3
Let w(h) = -8*h**3 - h**2 - h. Let p be w(-1). Let f(l) = l**2 - 8*l + 6. Let t be f(p). What is the units digit of 12 - t/(6/2)?
0
Let j(s) = 2 - 2*s + 4*s**2 + 0*s**2 - 3*s + s**3 + 2*s. What is the tens digit of j(-4)?
1
What is the units digit of 242*(-26)/(-28) + 28/98?
5
Suppose -2*q - 42 = 4*p, 2*p + 0*p + 16 = -2*q. Let i = 33 + p. What is the units digit of i?
0
Let r = 25 - 9. What is the units digit of r?
6
What is the tens digit of (-18)/(5/((-325)/10))?
1
Suppose -4*d = -3*d - 33. What is the units digit of d?
3
Suppose 2*d - 10 = 3*c - 2, -d - 23 = 3*c. Suppose -4*l - 17 = 43. Let k = c - l. What is the units digit of k?
9
Let p(i) = -2 + i - 1 + 4. Let l be p(0). Suppose 4*n - 27 = l. What is the units digit of n?
7
Let q(a) = 2*a**2 + 2*a + 5. What is the units digit of q(4)?
5
Suppose -50 + 10 = -5*o. Let a = o - 6. What is the units digit of a?
2
Let o(d) = d**3 - 5*d**2 + 4*d - 6. Let k be o(4). Let s = k + 15. What is the units digit of s?
9
Let s = -10 - -16. Let c = -22 + s. Let v = c - -27. What is the units digit of v?
1
Let i(n) = -n**3 + 6*n**2 - 3*n - 7. Let g be (2 - 1) + (3 - 2). Suppose g*k - 20 = -2*k. What is the units digit of i(k)?
3
Let h be 16/(-40) - 64/(-10). Suppose 5*l = 2*s - 26, -4*l = -s + 13 + h. What is the units digit of s?
3
Let u be (6/4)/(7/42). Suppose b + 0*b = -2*y + u, -110 = -5*b + 3*y. What is the tens digit of b?
1
What is the units digit of (4524/(-16))/(-1) + 2/8?
3
Suppose 45 = 3*a - 0*a. Suppose 5*k - 4*w = a, 4*k - 12 = 4*w - 2*w. What is the units digit of k?
3
What is the units digit of (1 - 28)/((-1)/12*4)?
1
Let u be 3/(-2) - 332/(-8). Let n = 79 - u. What is the tens digit of n?
3
Let a(b) be the second derivative of b**4/12 - b**3/6 - b**2 - 7*b. What is the units digit of a(3)?
4
Suppose -5*f + 4*r = -3*f - 6, 5*f + 2*r + 21 = 0. Let g be (1 - 3)*f/(-6). What is the units digit of 1 - (-1 - g) - -2?
3
Let w(s) = 6*s + 2. Let x(k) = 5*k + 1. Let q(b) = 5*w(b) - 4*x(b). Let c be q(7). Suppose c = 5*p - 4*y, 0 = p + y - 2 - 6. What is the units digit of p?
2
Let d be ((-6)/4)/(-3)*-4. Let t = d - -8. Suppose -4*i - t = -2*l - 5*i, -5*i = -2*l + 18. What is the units digit of l?
4
Suppose -2*r - 21 = -71. What is the units digit of r?
5
Suppose -s + 4*s = 12. Suppose -5*y + 239 = s*o, 2*y - 2*o + 48 - 140 = 0. What is the tens digit of y?
4
Suppose -111 - 29 = -4*c. What is the units digit of c?
5
Let i(t) = t**2 - 7. Suppose -5*d = 4*c - 20, 4*d - 9 = -2*c + 1. What is the units digit of i(c)?
8
Suppose -2*d + 563 = -0*d + c, 2*d = -2*c + 558. Let z = -7 - -25. What is the tens digit of 4/z - d/(-18)?
1
Let u(m) be the first derivative of m**2/2 - 2*m - 1. What is the units digit of u(4)?
2
Suppose -4*r = -0*r. Let h(l) be the second derivative of l**4/12 + 2*l**2 - l. What is the units digit of h(r)?
4
Let p(a) = a**2 - a. Let j = -2 - -1. Let x be p(j). Suppose x*r - 36 = -0*r. What is the units digit of r?
8
Let j = 0 - 11. Let p = j - -36. What is the units digit of p?
5
Let o(d) = d**2 - 7*d + 14. What is the tens digit of o(16)?
5
Suppose 28 + 22 = 2*d. What is the tens digit of d?
2
Suppose 0 = -6*i + 10*i - 76. What is the units digit of i?
9
What is the hundreds digit of 4*(-4)/48*(-392 + -1)?
1
What is the units digit of -54*(-4 - -8 - 5)?
4
Let y(b) = -b**3 - 5*b**2 + 6*b. Let n be y(-6). Suppose -4*p - 3*u - 6 = -27, n = p + 5*u - 18. What is the units digit of p?
3
What is the tens digit of 8/(-16) + (-146)/(-4)?
3
Let z(y) = -y**3 + 3*y**2 + 7*y + 28. What is the units digit of z(-3)?
1
Suppose -5*w + 44 + 11 = 0. What is the units digit of w?
1
Let w = -81 + 126. What is the units digit of w?
5
Let g(x) = -x**3 - 8*x**2 - 11*x - 8. Let b be g(-7). Let t be (-2)/(-6) + b/12. What is the units digit of -12*t/(-8)*2?
6
Suppose 0 = -2*u - 0 + 4. Suppose -4*h = 4*d - 48, 5*h - 22 = u*d + 10. What is the units digit of ((-14)/h)/(1/(-4))?
7
Let g be 1*(1 + 0)*-8. Let d(s) = -s**3 - 8*s**2 + s - 4. Let u be d(g). What is the units digit of 2/6 + (-8)/u?
1
Let d(a) = 10*a - 17. What is the tens digit of d(7)?
5
Let p = -184 - -260. What is the tens digit of p?
7
Let k be (-86)/(-18) - 2/(-9). Suppose 4*q - a - 67 = q, k*q + 3*a = 93. What is the tens digit of q?
2
Suppose 0 = a + q - 5, -2*a = 2*a + 3*q - 19. Suppose -a*x + 80 = -0*x. Suppose -4*h - 4*t = -x, 3*t - 1 = -4. What is the units digit of h?
6
Let k be (-10)/10 - (-2 + -1). What is the tens digit of -1 + (14 + k - -4)?
1
Suppose 3*n - 265 = -16. What is the tens digit of n?
8
Let k(b) = b**3 + 3*b**2 + 3. Let z be k(-3). Let o = 2 + z. Suppose -3*w + 2*v = -21 - 10, -69 = -o*w - v. What is the tens digit of w?
1
Let q be 25/(-15) - (-4)/6. Let f(r) = 3*r**2 + 2*r + 1. Let w be f(q). Suppose 6 = -w*h + 4*h. What is the units digit of h?
3
Let b be -2 - -11 - (1 + -1). Suppose 0 = 2*h - 2*t + t - b, t + 11 = 3*h. What is the units digit of h?
2
Suppose -4*u + 0*u = 0. Suppose u = -b - 0*b + 25. What is the units digit of b?
5
Suppose 15 = 2*j + j. Suppose 0 = -j*l - 23 + 128. What is the tens digit of l?
2
Suppose 5*k = -4*m + 598, -3*m - 241 = -2*k - 4*m. What is the units digit of k?
2
Suppose -o - 5 + 11 = 0. Let n(w) = -w**3 + 6*w**2 + 2*w + 7. What is the tens digit of n(o)?
1
Let t = -17 - -21. Suppose -t = q - 35. What is the units digit of q?
1
Let v be (-18)/(-4)*(-6)/(-9). Suppose 10 = v*k + k + 2*o, -o + 11 = 4*k. What is the units digit of (24/(-9))/(k/(-9))?
8
Let o = 136 + -15. What is the hundreds digit of o?
1
Let s = 13 - 7. Suppose -s*v + 4*v = -48. What is the tens digit of v?
2
Let i be 172/14 - 2/7. Suppose m + 2*m - 11 = 4*l, -m - 3*l + 8 = 0. Let x = i - m. What is the units digit of x?
7
Let h = -3 - -39. What is the units digit of h?
6
Let g be (-1)/(-3) + (-5)/(-3). Suppose -5*u - f = -62, 8 = -g*u - f + 34. What is the units digit of u?
2
What is the units digit of (-6)/15*6*-35?
4
Suppose -4*u - 5*b = -0*b - 26, -2*b = -3*u + 8. Suppose -2*h + 3 = 3*s, -2 + 4 = 2*s. Suppose -6 = -h*k + k - u*t, 3*k + 2*t = 52. What is the tens digit of k?
1
Suppose 5*u - 27 = 13. Suppose 0 = c + 4*l - 8, -4*l = 4*c - 2*c - u. Suppose -x + c*x = -8. What is the units digit of x?
8
Let b be 6/4 + 28/8. Suppose 3*z - 29 = 5*z - b*y, -5 = -y. Let j = z + 15. What is the tens digit of j?
1
What is the units digit of -1 + 0 - -2 - -91?
2
Suppose r + 2*r = 168. What is the units digit of r?
6
Let i(h) = 30*h**2 - 2*h + 1. Let u be i(1). Suppose -4*f - 2*a - u = a, 6 = -2*a. Let c = -2 - f. What is the units digit of c?
3
Let g = -7 - -7. Suppose -5*n = 4*t - 0*n + 4, g = 3*t - 2*n + 3. What is the units digit of 0/2 - (-2 - t)?
1
Let j(y) = y**2 - 7*y + 8. Let b be j(6). Let q(k) = 3*k**2 - 4*k + 3. Let d be q(b). Suppose -5*z + 47 = d. What is the units digit of z?
8
Let n(y) = y - 2. Let o be n(5). Suppose -o*w + 0*w = 12. What is the units digit of -2*3/(3/w)?
8
Let h be (13 - 2)*(0 - 1). Let k(r) = r**3 + 11*r**2 - 3*r - 15. What is the units digit of k(h)?
8
Suppose -5*o + 4*o = -5. Suppose t = i - t - 26, 158 = o*i + 4*t. What is the units digit of ((-8)/(-20))/(2/i)?
6
Let o = -10 - -16. What is the units digit of 2/(o/3)*9?
9
Suppose 4*o = -6 - 6, o - 5 = -h. What is the units digit of h?
8
Let u be ((-2)/4)/(2/(-32)). Let b(s) = s**3 - 4*s**2 - 5. Let m be b(4). Let v = m + u. What is the units digit of v?
3
Let h(u) = u**2 - 6*u + 5. Let f be h(5). Suppose f = -3*i + 2*i. What is the units digit of (6 + -2 + i)*5?
0
Suppose 0 = -3*r + h + 54, 3*r - 3*h = -2*r + 90. Let p = -13 + r. What is the units digit of p?
5
Suppose 2*n = -n + 12. Let t = 2 + n. What is the units digit of t?
6
What is the tens digit of 14 + (8 + -2)/2?
1
Suppose 0 = -t - t + 2. Let b be ((-10)/3)/(t/(-3)). Suppose b = s + s. What is the units digit of s?
5
Suppose 3*t = -7 + 58. Let z = 30 - t. What is the tens digit of z?
1
Let w(r) = -4 + 2*r - 4 + 6 - 3. What is the units digit of w(5)?
5
Let i be 2/(2 - (-8)/(-3)). What is the tens digit of 2/i - 265/(-15)?
1
Suppose 0 = 4*j - 71 - 1. What is the tens digit of